
Suppose -3*c - 6 + 21 = k, 3*k + 10 = 2*c. Suppose -4 = -4*s - m + 1, 2*s - 5*m - 19 = k. What is the units digit of s?
2
Let n(s) = s**3 + 7*s**2 - s - 7. Let u be n(-7). Let z(d) = -d - 1. Let q be z(-6). Suppose -45 = -u*m - q*m. What is the units digit of m?
9
Let d(y) = 2*y + 17 - 3*y + 2*y - 6. Let v be d(-9). What is the tens digit of (-4 - -15)/(-1 + v)?
1
Suppose -6*b + 919 = -53. What is the tens digit of b?
6
Suppose -18 = n + 41. Let c = n - -82. Suppose -j - 3*j - c = -i, 25 = 3*i - j. What is the units digit of i?
7
Let g be 2 - -3*2/(-3). What is the units digit of -1 + 10 + g + -3?
6
Let j = 6 + -3. Let i = 16 + j. What is the units digit of i?
9
Suppose -4*x = 3*l - 313, -112 = -3*x - 2*l + 123. What is the tens digit of x?
7
What is the units digit of -8 - -11 - (-3 - 0)?
6
Suppose -u = -5*z + 130, -4*z + 127 = 2*u + 9. Let v be (4/(-6))/((-3)/z). What is the units digit of (9/v)/((-3)/(-4))?
2
Let b be (-6)/((1/(-4))/(-1)). Let w = b + 41. Suppose -4*o + o = -f - w, 2*o - 2*f = 10. What is the units digit of o?
6
Suppose 0 = -t - 3*h, -2*h - 9 = 4*t + 1. Let n be (0 - t) + 0/(-5). Suppose 0 = -n*p + 4*a + 18 + 1, -5*a = p. What is the units digit of p?
5
Suppose 9*o - 15 = 4*o. Suppose 0 = 2*y - o - 13. What is the units digit of y?
8
Let h(b) = 2*b - 6. Let t be h(4). Let g be 2/(t/6*2). What is the units digit of 20/2 + (g - 5)?
8
Let d = -16 + 58. What is the tens digit of d?
4
What is the tens digit of (102/9)/((-2)/(-3))?
1
Suppose 0 = -3*i + 2*z - 19, 2*i + 0 = -2*z - 6. What is the units digit of (4 + -1)/((-5)/i)?
3
Suppose -5*h = -4*z - 26, 2*h + 2*z + 2*z = -12. Suppose -7*n + 2*n = 3*l - 10, 0 = h*n + 4*l + 10. Let s = 2 + n. What is the units digit of s?
7
Suppose -v + 0*v + 5 = 0. What is the units digit of v?
5
Suppose s + 0 = 39. What is the tens digit of s?
3
Let s = 13 + -9. What is the units digit of s?
4
Let o(q) = q + 2. Let m(p) = -1. Let s(i) = 2*m(i) - o(i). Let r be (2/6)/((-2)/30). What is the units digit of s(r)?
1
Let i = 3 + 54. What is the tens digit of i?
5
Let p(y) = y + 47. What is the units digit of p(0)?
7
Let m = -15 - -44. What is the tens digit of m?
2
What is the units digit of (-54)/(-13) - 2/13?
4
Suppose -2*x = 3*l - 286, -180 = -3*l + x + 118. What is the units digit of l?
8
Suppose -3*t = h - 210, 5*t - 6*h - 367 = -2*h. What is the tens digit of t?
7
Suppose 2*k - 11 = 1. Suppose s - 21 = k. What is the tens digit of s?
2
Let c(k) = 2*k**3 - 3*k**2 + 3*k. What is the units digit of c(2)?
0
Let z(u) = u**2 + 8*u + 7. Suppose s + 7 + 1 = 0. What is the units digit of z(s)?
7
Let x(n) be the second derivative of 31*n**3/6 - n. What is the tens digit of x(1)?
3
Let n = 165 + -114. What is the units digit of n?
1
Suppose 0 = b - 2 + 5. What is the tens digit of (b/(-2))/(6/52)?
1
What is the tens digit of (-1)/(3 - 0) - 428/(-6)?
7
Let j = -8 - -2. What is the tens digit of j/3 + 0 + 44?
4
Suppose 2*r + 3*z = 223, 6*r - 2*r - 5*z - 457 = 0. What is the tens digit of r?
1
Suppose 2*f - 3*i = -18, -9 = -f - 0*f - 3*i. Let w be 2 - (2 + 1 + f). Suppose -w = l - 4. What is the units digit of l?
2
Let a(j) = 46*j**2 - 10*j + 7. What is the hundreds digit of a(2)?
1
Suppose -2*r + 2 = -4*a + 50, -2*r - 35 = -3*a. What is the units digit of a?
3
Suppose 4*d = -5*x + 8, 5*d = -x + 7 + 3. Suppose x = -h + 2 + 3. Suppose 5*i - h*f = 30, 3*i - 29 = -f - 3. What is the units digit of i?
8
Suppose -2*i + 2 = -s, 3*i - 2 + 5 = 3*s. Suppose 4 = s*c + 12. What is the units digit of (-15)/(-3)*c/(-2)?
5
Let a = -208 - -294. What is the tens digit of a?
8
Suppose -2*p + 7 - 3 = 0. What is the units digit of 5 + 3 - p/1?
6
What is the units digit of (3 + -4)*(-21 + 1)?
0
Let z(u) = -11*u**3 - u**2 - u - 1. What is the units digit of z(-1)?
0
What is the units digit of 5 + -8 + (5 - -1)?
3
Let b(n) be the third derivative of n**5/60 + n**4/24 - 2*n**3/3 - 6*n**2. What is the units digit of b(3)?
8
Let x = 11 - 6. Suppose x*o = 2*o - 3, -4*t + 3 = o. What is the units digit of (t - (-6)/(-4))*-14?
7
Let t be (7 - -2) + -1 + 0. Let b(c) = c**3 - 2*c**2 - 2*c - 2. Let r be b(3). What is the units digit of 30/t - r/(-4)?
4
Let p(a) = -2*a - 4. Let i be p(-4). Suppose 0 = 4*d + d - 4*y - 65, -41 = -i*d + y. What is the units digit of d?
9
Let l(g) = 7*g - 2. Let h(p) be the second derivative of p**4/12 - 3*p**3/2 - 4*p**2 + 2*p. Let t be h(10). What is the units digit of l(t)?
2
Let h(o) = o - 1. Let u be h(1). Suppose u = 2*j + j - 6. What is the units digit of ((-20)/8)/((-1)/j)?
5
Suppose 0*g = -g + 5. Suppose 66 = g*x + c, 0 = -4*x - c + 25 + 27. What is the units digit of x?
4
Let i = 4 + 101. Let n = -74 + i. What is the units digit of n?
1
Let d(v) = v**3 + 15*v**2 - 23*v - 10. What is the tens digit of d(-16)?
0
Let d = 1 - 2. Let o be d + 3 + 4 + -2. What is the units digit of o/(-18) + 101/9?
1
Suppose -4*r + 247 = 5*m, -m - 3*r + 26 = -19. What is the units digit of m?
1
Let l = -63 + 97. What is the tens digit of l?
3
Suppose -2 = 8*l - 10*l. What is the tens digit of -3 + (l - -2) - -16?
1
Let g(v) = -2*v - 3. Let m(k) = -k - 1. Let y(x) = -2*g(x) + 7*m(x). Let t be y(-2). Suppose t*s = -5*i, 0 = -3*s + 3*i + 6. What is the units digit of s?
1
Suppose -3 = -2*q + 3. Let x be 0 + (3 - q)/3. Suppose 4*m - 75 - 5 = x. What is the tens digit of m?
2
Let i(d) = 2*d - 4. Let g(l) = -1. Let n(q) = 6*g(q) - i(q). Let p be n(-4). Suppose 3*x = -0*x + p. What is the units digit of x?
2
Let s be 6/(-27)*3*-30. Suppose 4*b - s = -0*b. Let o = b + -3. What is the units digit of o?
2
Let c(h) = 3*h - 5. Let a be c(-5). Let d = a - -30. What is the units digit of d?
0
Let s(m) = -4*m + 2. What is the units digit of s(-5)?
2
Let a be (76/(-16))/(1/(-4)). Suppose -4*n + 2*l = -30, 2*n - 5*l - a = 16. Suppose n*p + 3 = 33. What is the units digit of p?
6
Let o = 27 - 21. What is the units digit of o?
6
Let o(j) = -56*j - 2. Let f be o(-1). Suppose -12 = -3*r + f. What is the tens digit of r?
2
Suppose -48 = -3*r + 5*d, -2*r + 16 = -r - 5*d. Suppose 5*t + 29 = n + 5, -n - 5*t = r. Suppose -2*z = 6, n*f = 3*z + z + 56. What is the units digit of f?
1
Suppose 0 = 4*r - 4*n - 148, -5*n = 2*r + 2*r - 157. What is the units digit of r?
8
Let k = 106 + -71. What is the tens digit of k?
3
Let f be 24/16*(-20)/(-6). Suppose -y = b - 52, 3*b + f*y + 0*y - 164 = 0. Suppose 0*m = -4*m + b. What is the tens digit of m?
1
Suppose 5*j = 2*d - 64, 6*d - d = 2*j + 13. Let o = -8 - j. Suppose -z - 2 = -o. What is the units digit of z?
4
What is the tens digit of -2 - (2040/4)/(-3)?
6
Suppose -5*z - 5*x = -245, z - 4*x = -26 + 75. What is the units digit of z?
9
Suppose 0*s + 4*s - 5 = -3*b, -2*b - 2 = 4*s. What is the units digit of b*((-92)/(-28) - -1)?
0
Let x(f) = f + 10. Let g be x(-7). Suppose -6 = g*a, 29 = 4*o - 5*a - 21. Let z = -6 + o. What is the units digit of z?
4
What is the tens digit of 5/(15/57)*1?
1
What is the units digit of 1 + ((-4)/2 - -30)?
9
Let g be -16 - (-2)/(0 - -1). What is the units digit of (g/5)/((-14)/35)?
7
Let c = -1 - 1. Let z(w) = 4*w - 1. Let p be z(1). What is the units digit of (2 - p)/(c/6)?
3
Let s be (-2 - -3)*(-4 - -4). Suppose s = 2*p - 3*p + 31. What is the tens digit of p?
3
Suppose -4*v - 4 = -0*v. Suppose 0 = 2*i - 31 + 73. What is the units digit of 1/(v - 22/i)?
1
Suppose -6*g = -t - 3*g + 167, -t - 4*g + 139 = 0. What is the units digit of t?
5
Let i(x) = 2*x**2 - 2*x - 4. Let r be i(-3). Let t = r - 2. What is the units digit of 1*10*t/15?
2
Let l(u) = -u + 2. Let j be l(0). Suppose 61 + 19 = j*q. What is the units digit of q?
0
Suppose 3*o = -4*u - o + 48, 0 = 5*o - 25. Let l(j) = 2*j + 6*j - 3 + j - j**2. What is the units digit of l(u)?
1
Let h = 11 - 6. Let s(p) = 3*p**2 - 3*p + 2 - 2*p - 2*p**2. What is the units digit of s(h)?
2
Let v = -3 + 7. Suppose -51 + 11 = -v*n. What is the units digit of n?
0
Let r = -5 + 7. Let p(q) = -3 - q - r*q + 3. What is the units digit of p(-1)?
3
Let a(j) = 3*j**3 - 6*j**3 + 5*j**2 + 4*j**3 + 0*j - 2 - 3*j. What is the units digit of a(-4)?
6
Let r = -22 - -31. What is the tens digit of -6*(-12)/r - -3?
1
Suppose -4*a = -313 + 53. What is the units digit of a?
5
Let z be 117/12 + 2/8. Let s = -9 + z. What is the units digit of s?
1
Let y